{"id":1340,"date":"2025-05-07T11:21:35","date_gmt":"2025-05-07T16:21:35","guid":{"rendered":"https:\/\/lactolife.com\/?post_type=product&#038;p=1340"},"modified":"2025-05-07T11:21:35","modified_gmt":"2025-05-07T16:21:35","slug":"probioticos-para-perros-caja-de-de-10-sobres","status":"publish","type":"product","link":"https:\/\/lactolife.com\/?product=probioticos-para-perros-caja-de-de-10-sobres","title":{"rendered":"Probi\u00f3ticos para perros caja de de 10 sobres"},"content":{"rendered":"<p dir=\"ltr\" data-pm-slice=\"1 1 [&quot;bulletList&quot;,{&quot;tight&quot;:true,&quot;dir&quot;:&quot;ltr&quot;},&quot;listItem&quot;,{}]\">Los Probi\u00f3ticos para Perros de LACTO LIFE son un suplemento veterinario en polvo, ideal para cuidar la salud intestinal de tu mascota. Formulados con cepas probi\u00f3ticas beneficiosas como <em>Lactobacillus<\/em> y <em>Bifidobacterium<\/em>, estos sobres promueven una digesti\u00f3n saludable, fortalecen el sistema inmunol\u00f3gico y mejoran la absorci\u00f3n de nutrientes. F\u00e1ciles de administrar mezclados con alimento o agua, son perfectos para perros de todas las razas y edades. Elaborados artesanalmente en Colombia, sin aditivos, garantizan calidad y seguridad. \u00a1Aprovecha nuestra promoci\u00f3n especial y mejora el bienestar de tu mejor amigo<\/p>\n","protected":false},"excerpt":{"rendered":"<p dir=\"ltr\" data-pm-slice=\"1 1 [&quot;bulletList&quot;,{&quot;tight&quot;:true,&quot;dir&quot;:&quot;ltr&quot;},&quot;listItem&quot;,{}]\">Probi\u00f3ticos para Perros, suplemento en polvo con cepas probi\u00f3ticas. Mejora la digesti\u00f3n y fortalece el sistema inmunol\u00f3gico. F\u00e1cil de administrar, ideal para todas las razas. Artesanal, sin aditivos, hecho en Colombia.<\/p>\n","protected":false},"featured_media":570,"comment_status":"open","ping_status":"closed","template":"","meta":[],"product_brand":[],"product_cat":[35,33],"product_tag":[],"class_list":{"0":"post-1340","1":"product","2":"type-product","3":"status-publish","4":"has-post-thumbnail","6":"product_cat-mascotas","7":"product_cat-probioticos","9":"first","10":"instock","11":"shipping-taxable","12":"purchasable","13":"product-type-simple"},"_links":{"self":[{"href":"https:\/\/lactolife.com\/index.php?rest_route=\/wp\/v2\/product\/1340","targetHints":{"allow":["GET"]}}],"collection":[{"href":"https:\/\/lactolife.com\/index.php?rest_route=\/wp\/v2\/product"}],"about":[{"href":"https:\/\/lactolife.com\/index.php?rest_route=\/wp\/v2\/types\/product"}],"replies":[{"embeddable":true,"href":"https:\/\/lactolife.com\/index.php?rest_route=%2Fwp%2Fv2%2Fcomments&post=1340"}],"wp:featuredmedia":[{"embeddable":true,"href":"https:\/\/lactolife.com\/index.php?rest_route=\/wp\/v2\/media\/570"}],"wp:attachment":[{"href":"https:\/\/lactolife.com\/index.php?rest_route=%2Fwp%2Fv2%2Fmedia&parent=1340"}],"wp:term":[{"taxonomy":"product_brand","embeddable":true,"href":"https:\/\/lactolife.com\/index.php?rest_route=%2Fwp%2Fv2%2Fproduct_brand&post=1340"},{"taxonomy":"product_cat","embeddable":true,"href":"https:\/\/lactolife.com\/index.php?rest_route=%2Fwp%2Fv2%2Fproduct_cat&post=1340"},{"taxonomy":"product_tag","embeddable":true,"href":"https:\/\/lactolife.com\/index.php?rest_route=%2Fwp%2Fv2%2Fproduct_tag&post=1340"}],"curies":[{"name":"wp","href":"https:\/\/api.w.org\/{rel}","templated":true}]}}